be k(7). Suppose -p = -i*p + 132. Determine d(p).
-5
Let v(p) = -2*p**2 - p - 5. Suppose 58*w - 30*w + 138*w = 0. Calculate v(w).
-5
Let u(c) = c**3 - 6*c**2 + 5*c - 6. Suppose -150 + 110 = -5*i. Suppose k = -q + i, 3*q = -k + 8*q - 22. Suppose k*z + s = z + 15, 0 = -s + 5. Calculate u(z).
-6
Let z(r) = 55 + 18 - 7*r - 93 - 117 - 64. Determine z(-29).
2
Suppose 5*v - 10 = -5*t, 3*v + 4*t - 26 = 5*t. Let h(l) = -12*l - 13. Let c(q) = -11*q - 11. Let f(r) = v*c(r) - 6*h(r). Determine f(-2).
11
Suppose -27 = -5*f - 3*q, -20*q = 3*f - 18*q - 17. Let p(i) be the second derivative of 3/2*i**f - 3/2*i**2 - 32*i + 0 + 1/12*i**4. Calculate p(-10).
7
Let q(h) = -h**2 + h + 1. Let l = 18 + -28. Let z be -35 + (27/15 - 2/l). Let x = z + 33. What is q(x)?
1
Suppose 18*r - 23*r - 3*b + 9 = 0, 0 = 3*r + 5*b + 1. Let v(o) = -r - 155*o - 147*o + 609*o - 154*o - 151*o. Let z = -5 - -7. What is v(z)?
1
Let k(o) = 7*o - 1. Let b be (-9)/(-15) + (-39)/15 + 7. Suppose -60 = -b*r + 45. Suppose 0 = -w - 0*w - 3*a - 16, 5*a + r = 4*w. Calculate k(w).
-8
Let m be 25*((-110)/25 - -5). Let a(k) = k**2 - 13*k - 33. What is a(m)?
-3
Let d(b) = 13*b - 10. Suppose -323*t = 2720 - 136. Calculate d(t).
-114
Let p(t) be the third derivative of -24*t + 3/2*t**3 - 2*t**2 + 1/60*t**5 + 0 - 7/24*t**4. Calculate p(6).
3
Let l(m) = -2*m - 7. Let h be (-109)/4 - (-21)/(-28). Let v = -28 - h. Suppose 5*d = -v*d - o - 28, 0 = 2*o - 4. What is l(d)?
5
Suppose 107 + 19 = 14*q. Let p = 8 - q. Let s(z) = 11*z + 1. Give s(p).
-10
Suppose 8*v = 54 + 1378. Suppose 143 = 12*b + v. Let n(q) = 2*q**2 - 5*q - 4. Calculate n(b).
29
Let w(j) = -2*j**2 + 4*j + 2. Let b(c) = -c**2 + c - 1. Let k = 26 - 55. Let i = 30 + k. Let q(m) = i*w(m) - b(m). Calculate q(-3).
-15
Let b(x) be the third derivative of -x**6/120 - x**5/4 - 37*x**4/24 - 3*x**3 - x**2 - 63. Let o be b(-12). Let m(d) = -3*d - 19. Give m(o).
-1
Let f(k) = -k - 1. Let p(a) = 9*a + 1. Let r(h) = 6*f(h) + p(h). Let d(w) = 8*w**2 + 57*w + 11. Let b be d(-7). Calculate r(b).
7
Let p(l) = -l**2 - 46*l + 16. Let i be p(-45). Let d(s) = -i + 3*s**2 - 2*s**2 + 51 - 13*s - 2*s**2. Calculate d(-12).
2
Let x(b) be the second derivative of b**5/20 - 31*b**4/12 + b**3/2 - 40*b**2 + 1988*b. Determine x(31).
13
Let h(p) be the second derivative of -p**4/12 + p**3/2 + 18*p**2 + 59*p - 7. Calculate h(7).
8
Let n(i) = i**2 - 11*i + 8. Let r(y) = -y**2 + 13*y + 34. Let k be r(15). Let x be -5 + k + (2 - -8). Suppose -d = -2*d - 1, j + d - x = 0. What is n(j)?
-2
Let a(v) = -3*v**3 + 2*v**2 - 3*v + 1. Suppose 874*u - 14 = 860*u. What is a(u)?
-3
Let a(s) = -s**2 + 12*s - 9. Let h be a(11). Let x(i) = -2*i + h*i + 1 + 1 - 4*i. Let v(m) = -m**2 - 19*m - 88. Let o be v(-10). Give x(o).
-6
Let a(j) = -3*j**3 - 5*j**2 + 4*j - 8. Let u(t) = 2*t**3 - t**2 - t - 1. Let m(g) = -g + 16. Let s be m(14). Let l(k) = s*u(k) + a(k). What is l(7)?
4
Let l(v) = -1. Let p be 2/16 - (-261)/(-232). Let x(g) = -3*g + 24. Let m(a) = p*x(a) + 5*l(a). Calculate m(9).
-2
Let r(j) = -2*j**2 + 23*j - 60. Suppose -5*a = -4*g - 43 - 8, 17 = 3*a + g. Calculate r(a).
3
Suppose 0 = -4*i - i. Suppose i*s + 3 = s. Let f(h) be the first derivative of h**3/3 - 2*h**2 + 235. What is f(s)?
-3
Let c(v) = -2*v**2 - 13*v + 6. Let g(d) = 3*d**2 + 19*d - 9. Let i(a) = 7*c(a) + 5*g(a). Let h be 1 - 1 - -2 - 2. Suppose -3*x + 6*x + 15 = h. Give i(x).
2
Let c(a) be the third derivative of a**6/120 - 5*a**4/12 - a**3/2 + 133*a**2 + 5. Determine c(0).
-3
Let u be (-84944)/(-4) - (-4 - -8 - 1). Let z(x) = 23*x**2 + 28 - u*x**3 + 23*x + 2 + 21232*x**3. Calculate z(24).
6
Suppose 22*c = 23*c + 63*c - 448. Let t(w) = 5 - 4 + 6 - 5*w. Calculate t(c).
-28
Let w(s) = s + 11. Let d(i) = -i**3 - 8*i**2 + 49*i + 274. Let l be d(-10). What is w(l)?
-5
Let d(z) = -42*z - 26*z + 49*z - 10*z + 161. Determine d(6).
-13
Let w(m) be the third derivative of -m**4/24 + 5*m**3/3 + 3*m**2. Let x = -6814 - -6814. Give w(x).
10
Suppose 12 = 3*o + 3*l, -l + 0 = -5*o - 4. Suppose 4*f - 21 = 3*d, 0 = 3*d - 0*d + 9. Let h(m) = 2 + f - m + 14 - 8. Determine h(o).
11
Let f = 242 - 319. Let s = 85 + f. Let t(w) = -w**3 + 7*w**2 + 11*w - 13. What is t(s)?
11
Let s(g) = -g**3 - 7*g**2 + 17*g - 4. Let f be s(-9). Let o(r) = 7*r - 32. Let b(a) = -20*a + 91. Let d(l) = -6*b(l) - 17*o(l). What is d(f)?
3
Let n(v) = -4*v**2 + 1. Let c(r) = -16*r**2 + 5. Let f(t) = -c(t) + n(t). What is f(1)?
8
Let q be -5 - (-1)/1*1. Let u(z) = -z**2 + 31*z - 17. Let g be u(29). Let s(f) = -14*f - 1 - f**2 - 18*f - 14*f + g*f - 2. Give s(q).
1
Suppose 18 = -14*a + 16*a. Suppose a*t + 820 - 127 = 0. Let y = 80 + t. Let p(v) = -v**3 + 3*v**2 - 2*v + 3. What is p(y)?
-3
Let s(y) be the second derivative of 0*y**3 - y**2 + 1/12*y**4 - y - 78. Suppose m + 1 = -4*c - 2*m, -c - 4*m + 16 = 0. What is s(c)?
14
Let c(u) = u - 50. Let o(z) = -4*z + 367. Let f(w) = -6*c(w) - o(w). Give f(7).
-81
Suppose 770*v - 779*v = 171. Let c(b) = -b**3 - 16*b**2 + 58*b + 10. Give c(v).
-9
Let i(l) = 5*l**3 - 19*l**2 - 3*l - 18. Let y(k) = -21*k**3 + 82*k**2 + 11*k + 69. Let v(n) = -17*i(n) - 4*y(n). What is v(-5)?
-5
Let q(i) = 59*i + 4. Let x(c) = -15*c - 1. Let l(p) = q(p) + 4*x(p). Determine l(5).
-5
Let r(o) = 3*o**3 + 19*o**2 - 7*o + 11. Let d(c) = -c**3 - 9*c**2 + 3*c - 6. Let x(k) = -5*d(k) - 2*r(k). Determine x(5).
53
Let j(c) be the second derivative of -c**5/60 - 11*c**4/24 - c**3/2 + c**2 + 3*c + 2. Let i(z) be the second derivative of j(z). What is i(-8)?
5
Let a(r) = r - 7. Let n be a(3). Let z(l) be the first derivative of l**4/4 + l**3 + 4*l + 10714. Determine z(n).
-12
Let g(v) = 7*v + 1. Suppose -7 = -10*s - 17. Let q(f) = -2*f. Let j(a) = s*g(a) - 4*q(a). Suppose -4*w + 0 - 4 = 0. What is j(w)?
-2
Let y(a) = -5*a - 1. Suppose 15*u + 0*u + 18 = 9*u. Determine y(u).
14
Suppose 167*y = 56*y + 83*y. Let b(z) = -14 - 3*z**3 + z**3 + z**2 + z**3 - z. Give b(y).
-14
Let a(x) = x**3 + x**2 - x - 3. Suppose 4*j = -j - 50. Let p be (-1 - -2) + -7*j/(-70). Determine a(p).
-3
Let t = -139 + 141. Let l(h) = -2*h**2 - 15*h - 9. Let s(g) = -g**2 - 7*g - 5. Let y(o) = t*l(o) - 5*s(o). What is y(-5)?
7
Suppose -16 = 4*r - 8*r. Suppose 0 = -r*z + 5*t - 4, -74*t + 76*t + 8 = 0. Let k(x) = 3*x - 1. What is k(z)?
-19
Suppose 0 = -5*h - 0*h + 15. Let n(l) = -10*l**2 - 12*l**2 - 13*l**2 + 3*l**3 - 18*l**2 + 50*l**2 - 95*l + 92*l - 2. What is n(h)?
43
Let b(l) = 40*l**2 - 7*l + 75. Let d(j) = 43*j**2 - 8*j + 82. Let c(u) = -14*b(u) + 13*d(u). Determine c(-14).
-96
Suppose g - 2*g - 15 = 0. Let j(o) = 17*o**2 - 27*o + 44. Let w(h) = -14*h**2 + 25*h - 39. Let m(z) = -5*j(z) - 6*w(z). What is m(g)?
14
Let l(w) = -2*w - 22. Let k be l(-12). Let r(y) = -y**k - 230 - y - y**3 + 127 + 126. Give r(0).
23
Let x(v) be the third derivative of v**5/60 - v**4/6 - v**3/2 - 2*v**2. Let u be x(4). Let a(r) = r**2 - 4*r + 4*r + 0*r - 2*r - 2 + 5*r. Determine a(u).
-2
Let h(p) = -p**3 - 16*p**2 + 12*p + 28. Let d(f) = -5*f**3 - 80*f**2 + 57*f + 137. Let v(u) = 4*d(u) - 19*h(u). Determine v(-16).
16
Let d = -6 + 11. Let q(y) = 2*y**3 + 6*y**2 - y**3 + 3*y + d*y + 7. Let g(x) = -x**2 + 25*x + 439. Let u be g(-12). Determine q(u).
-8
Let h = 685 - 679. Let s(w) = 1207*w**2 + h*w - 1208*w**2 - 3 - w. What is s(6)?
-9
Let g(m) = -4*m**2 - 52*m - 13. Let b(l) = -l**2 + l + 2. Let p(s) = b(s) + g(s). Determine p(-10).
-1
Let n(k) = -6*k**3 + k**2 - 17*k - 16. Let q(m) = m**3 + 3*m + 3. Let i(r) = -2*n(r) - 11*q(r). Determine i(2).
1
Let r(q) = -q**3 + q - 10. Let a(i) = -4*i - 12. Let w be a(-6). Suppose -9*y + w = -3*y. Suppose 5*p = y*p. Determine r(p).
-10
Let i(k) = 17*k + 18*k - 21 + 22*k - 2*k - 57*k. Determine i(-9).
-3
Let f(p) = 135*p - 2556. Let l be f(19). Let h(y) = -y + 3. Give h(l).
-6
Let p(b) = -16 - 2*b**2 - 25*b**3 - 2*b + 23 + 59*b**3 - 33*b**3. Calculate p(2).
3
Let r(d) = -d**3 - 4*d**2 + 11*d + 2. Let x be -4 + 1 - ((-16)/2 + 8). Let f(b) = -b**3 - 5*b**2 + 11*b + 3. Let u(k) = x*f(k) + 2*r(k). Determine u(-8).
19
Let x(a) = 7*a - 6. Let k(w) = -w**2 - 13*w - 9. Let g be k(-12). Let n be x(g). Suppose n - 1 = -2*r. Let z(y) = -y - 1. Calculate z(r).
6
Let l = 200 - 185. Suppose 3*g = 15, -v = -5*g + l + 13. Let t(p) = 3*p + 2. Let n(h) = -5*h - 3. Let q(o) = 6*n(o) + 11*t(o). Calculate